inder when 363187 is divided by 25940?
27
What is the remainder when 14277 is divided by 7098?
81
Calculate the remainder when 127748 is divided by 93.
59
Calculate the remainder when 1558 is divided by 1322.
236
What is the remainder when 3227 is divided by 3?
2
Calculate the remainder when 25004 is divided by 3566.
42
Calculate the remainder when 1607091 is divided by 18.
15
Calculate the remainder when 5984 is divided by 598.
4
What is the remainder when 6491 is divided by 250?
241
Calculate the remainder when 3716 is divided by 73.
66
Calculate the remainder when 77818 is divided by 9.
4
What is the remainder when 4475 is divided by 195?
185
What is the remainder when 164830 is divided by 164814?
16
Calculate the remainder when 104231 is divided by 247.
244
What is the remainder when 3565 is divided by 518?
457
Calculate the remainder when 3470 is divided by 50.
20
What is the remainder when 2000 is divided by 522?
434
What is the remainder when 488 is divided by 20?
8
What is the remainder when 30356 is divided by 53?
40
Calculate the remainder when 488 is divided by 55.
48
Calculate the remainder when 220 is divided by 93.
34
What is the remainder when 56853 is divided by 181?
19
Calculate the remainder when 1041907 is divided by 633.
622
What is the remainder when 2175 is divided by 1059?
57
Calculate the remainder when 19369 is divided by 609.
490
Calculate the remainder when 841 is divided by 142.
131
What is the remainder when 9333 is divided by 14?
9
What is the remainder when 2050 is divided by 1538?
512
Calculate the remainder when 508 is divided by 183.
142
What is the remainder when 39784 is divided by 9?
4
Calculate the remainder when 1232458 is divided by 180.
178
What is the remainder when 673672 is divided by 13?
12
What is the remainder when 24818 is divided by 29?
23
What is the remainder when 12540 is divided by 138?
120
Calculate the remainder when 2201 is divided by 726.
23
Calculate the remainder when 21810 is divided by 445.
5
Calculate the remainder when 239407 is divided by 10.
7
What is the remainder when 92900 is divided by 1133?
1127
Calculate the remainder when 31304 is divided by 225.
29
What is the remainder when 3170 is divided by 1743?
1427
What is the remainder when 1348440 is divided by 58?
56
What is the remainder when 18170 is divided by 3619?
75
Calculate the remainder when 18108 is divided by 283.
279
What is the remainder when 99016 is divided by 49474?
68
What is the remainder when 4957 is divided by 6?
1
What is the remainder when 135345 is divided by 16917?
9
What is the remainder when 2949 is divided by 156?
141
What is the remainder when 44463 is divided by 16?
15
What is the remainder when 3350 is divided by 2114?
1236
Calculate the remainder when 1353995 is divided by 162.
161
Calculate the remainder when 9252 is divided by 7939.
1313
Calculate the remainder when 2931 is divided by 554.
161
Calculate the remainder when 3803 is divided by 1810.
183
Calculate the remainder when 12687 is divided by 3131.
163
What is the remainder when 450983 is divided by 17?
7
What is the remainder when 1984 is divided by 327?
22
What is the remainder when 1458762 is divided by 63?
60
Calculate the remainder when 6292 is divided by 6181.
111
What is the remainder when 36550 is divided by 691?
618
Calculate the remainder when 17859 is divided by 853.
799
Calculate the remainder when 979071 is divided by 19.
1
Calculate the remainder when 9178 is divided by 2248.
186
What is the remainder when 3786 is divided by 1065?
591
What is the remainder when 508557 is divided by 815?
812
Calculate the remainder when 519 is divided by 266.
253
What is the remainder when 143777 is divided by 2934?
11
Calculate the remainder when 57925 is divided by 57918.
7
What is the remainder when 4187 is divided by 637?
365
What is the remainder when 1535 is divided by 871?
664
What is the remainder when 115713 is divided by 2755?
3
Calculate the remainder when 3188 is divided by 1041.
65
What is the remainder when 149061 is divided by 8281?
3
What is the remainder when 26753 is divided by 3325?
153
Calculate the remainder when 1103 is divided by 1091.
12
What is the remainder when 9665 is divided by 9614?
51
Calculate the remainder when 743 is divided by 586.
157
What is the remainder when 13627 is divided by 4527?
46
What is the remainder when 94327 is divided by 2096?
7
Calculate the remainder when 3154 is divided by 286.
8
Calculate the remainder when 37356 is divided by 60.
36
Calculate the remainder when 343433 is divided by 46.
43
Calculate the remainder when 40977 is divided by 20.
17
What is the remainder when 209 is divided by 192?
17
Calculate the remainder when 107296 is divided by 137.
25
What is the remainder when 57642 is divided by 2400?
42
What is the remainder when 119970 is divided by 165?
15
Calculate the remainder when 8251 is divided by 97.
6
Calculate the remainder when 14741 is divided by 112.
69
Calculate the remainder when 748 is divided by 63.
55
Calculate the remainder when 13980 is divided by 873.
12
What is the remainder when 2433 is divided by 404?
9
Calculate the remainder when 2004 is divided by 21.
9
Calculate the remainder when 3330 is divided by 71.
64
What is the remainder when 191026 is divided by 125?
26
Calculate the remainder when 5537 is divided by 312.
233
What is the remainder when 663438 is divided by 47?
33
Calculate the remainder when 1252 is divided by 35.
27
Calculate the remainder when 8876 is divided by 125.
1
What is the remainder when 97009 is divided by 1115?
4
What is the remainder when 10366 is divided by 5183?
0
Calculate the remainder when 85133 is divided by 28372.
17
Calculate the remainder when 17072 is divided by 17032.
40
Calculate the remainder when 767796 is divided by 767782.
14
What is the remainder when 5194720 is divided by 39?
37
Calculate the remainder when 72432 is divided by 3447.
45
What is the remainder when 223057 is divided by 641?
630
Calculate the remainder when 2122 is divided by 1856.
266
What is the remainder when 3845101 is divided by 41?
39
Calculate the remainder when 29505 is divided by 7368.
33
Calculate the remainder when 1245 is divided by 238.
55
What is the remainder when 2704 is divided by 321?
136
Calculate the remainder when 1315744 is divided by 395.
394
Calculate the remainder when 3715611 is divided by 1594.
1591
What is the remainder when 127759 is divided by 1540?
1479
What is the remainder when 38444 is divided by 47?
45
Calculate the remainder when 332637 is divided by 17.
15
Calculate the remainder when 741275 is divided by 36.
35
Calculate the remainder when 8126 is divided by 231.
41
Calculate the remainder when 366603 is divided by 6.
3
Calculate the remainder when 2437 is divided by 489.
481
What is the remainder when 5370 is divided by 650?
170
What is the remainder when 19254 is divided by 6380?
114
What is the remainder when 406499 is divided by 93?
89
What is the remainder when 146122 is divided by 41?
39
Calculate the remainder when 80446 is divided by 246.
4
What is the remainder when 34738 is divided by 713?
514
Calculate the remainder when 13993 is divided by 13968.
25
Calculate the remainder when 2984 is divided by 1730.
1254
Calculate the remainder when 27705 is divided by 10.
5
Calculate the remainder when 60647 is divided by 27.
5
What is the remainder when 306383 is divided by 9883?
10
What is the remainder when 65939 is divided by 1432?
67
What is the remainder when 2154 is divided by 4?
2
Calculate the remainder when 23674 is divided by 1408.
1146
What is the remainder when 31845 is divided by 601?
593
Calculate the remainder when 3504 is divided by 2.
0
What is the remainder when 19628 is divided by 2402?
412
Calculate the remainder when 2346 is divided by 46.
0
What is the remainder when 1301 is divided by 325?
1
Calculate the remainder when 57813 is divided by 323.
319
What is the remainder when 56827 is divided by 56824?
3
What is the remainder when 2400 is divided by 992?
416
What is the remainder when 1325 is divided by 1284?
41
What is the remainder when 3239402 is divided by 239?
235
What is the remainder when 258 is divided by 118?
22
What is the remainder when 1883783 is divided by 90?
83
What is the remai